 of 310?
False
Does 134 divide 21735698?
False
Is 928770920 a multiple of 1883?
True
Is 364904499 a multiple of 15?
False
Does 169 divide 434864648?
False
Does 377 divide 26862004?
True
Is 30416005 a multiple of 148?
False
Does 664 divide 603384104?
True
Is 99273077 a multiple of 18?
False
Does 78 divide 535638480?
True
Is 59758967 a multiple of 23?
False
Is 453667509 a multiple of 77?
False
Does 494 divide 2921293206?
True
Does 145 divide 20253630?
False
Is 768 a factor of 2169583509?
False
Does 2813 divide 89717822?
True
Is 34830468 a multiple of 2923?
True
Is 994288288 a multiple of 28?
True
Does 1973 divide 1034848866?
False
Does 82 divide 16693426?
False
Does 16 divide 9248976?
True
Is 41464354 a multiple of 346?
False
Is 16435314 a multiple of 319?
False
Is 68 a factor of 67870052?
True
Is 401 a factor of 61834601?
True
Is 12749154 a multiple of 3?
True
Does 464 divide 930372294?
False
Is 70 a factor of 3178971692?
False
Is 72243132 a multiple of 17?
True
Is 393 a factor of 200981772?
True
Is 83 a factor of 1803758546?
False
Is 72659544 a multiple of 24?
True
Is 18 a factor of 147408890?
False
Is 25990776 a multiple of 477?
True
Is 453 a factor of 535868196?
True
Is 53977141 a multiple of 25?
False
Is 694 a factor of 37726890?
False
Is 672972189 a multiple of 2393?
False
Is 424824858 a multiple of 54?
True
Is 1411880741 a multiple of 108?
False
Does 12 divide 165675024?
True
Is 84764649 a multiple of 21?
False
Does 10 divide 28286350?
True
Is 4 a factor of 114098948?
True
Does 18 divide 2034085?
False
Does 3923 divide 409399646?
False
Is 47482943 a multiple of 314?
False
Is 2044 a factor of 51114308?
True
Is 14 a factor of 3436065617?
False
Is 62760500 a multiple of 22?
True
Is 88294495 a multiple of 254?
False
Is 341 a factor of 300566258?
False
Does 216 divide 30693384?
True
Is 1975261184 a multiple of 512?
True
Does 104 divide 1914546838?
False
Is 12867 a factor of 1014537216?
True
Is 2375 a factor of 686871375?
True
Is 708 a factor of 126962808?
True
Is 17 a factor of 57395366?
True
Does 1537 divide 72458791?
True
Does 8479 divide 1501427404?
True
Is 2675 a factor of 552748625?
True
Is 34087220 a multiple of 10?
True
Is 1456930384 a multiple of 1456?
True
Is 258112486 a multiple of 4?
False
Is 78026772 a multiple of 57?
False
Is 17 a factor of 2384559315?
True
Is 371888171 a multiple of 96?
False
Is 3890216504 a multiple of 8?
True
Is 391521991 a multiple of 7?
True
Does 104 divide 645146320?
True
Is 484540825 a multiple of 25?
True
Does 1917 divide 364465041?
False
Is 7429909 a multiple of 56?
False
Does 37 divide 1130438033?
False
Is 28417702 a multiple of 1102?
False
Is 1146217506 a multiple of 98?
True
Is 28 a factor of 13038760?
True
Is 80939895 a multiple of 26?
False
Does 2146 divide 947883908?
True
Does 33 divide 44023946?
False
Is 69180227 a multiple of 21?
False
Is 7338205 a multiple of 43?
False
Does 120 divide 87847621?
False
Is 83 a factor of 194370424?
False
Is 2747122128 a multiple of 472?
True
Does 36 divide 26329500?
True
Is 199451864 a multiple of 1448?
True
Is 651 a factor of 58424231?
False
Is 209377324 a multiple of 8?
False
Is 1422 a factor of 63990?
True
Is 4415 a factor of 1408616467?
False
Does 14 divide 204216808?
False
Is 138 a factor of 22510146?
True
Is 240661066 a multiple of 2818?
False
Is 1335821334 a multiple of 4962?
False
Is 260027619 a multiple of 123?
False
Does 2821 divide 448857773?
True
Does 3 divide 1288695965?
False
Is 34 a factor of 1905027956?
True
Is 5869 a factor of 930230631?
True
Is 1356 a factor of 1125535596?
True
Does 104 divide 105610856?
True
Is 13057677 a multiple of 365?
False
Does 447 divide 99435597?
True
Is 40 a factor of 60434940?
False
Is 150515569 a multiple of 7?
False
Is 8 a factor of 46063993?
False
Is 614 a factor of 2168786425?
False
Is 57288644 a multiple of 1148?
True
Is 2293752272 a multiple of 73?
True
Does 1093 divide 36769617?
False
Is 711 a factor of 1318865011?
False
Does 88 divide 64824056?
True
Is 9836047 a multiple of 221?
True
Is 162 a factor of 30041604?
True
Is 31553325 a multiple of 75?
True
Is 139272086 a multiple of 502?
False
Is 309221616 a multiple of 81?
False
Is 988768 a multiple of 212?
True
Is 12469438 a multiple of 11?
False
Is 89708959 a multiple of 52?
False
Is 29075569 a multiple of 42?
False
Is 57878260 a multiple of 1172?
False
Is 67012680 a multiple of 8?
True
Is 572 a factor of 211473900?
False
Does 22 divide 156900568?
True
Is 663901534 a multiple of 1472?
False
Does 37 divide 106192764?
False
Does 401 divide 1718323897?
True
Is 47404020 a multiple of 7?
False
Is 27 a factor of 18766890?
True
Is 71536557 a multiple of 1087?
True
Is 453 a factor of 25173210?
True
Is 215939425 a multiple of 2405?
False
Is 678537 a multiple of 85?
False
Is 422176410 a multiple of 18?
True
Is 2313 a factor of 47608479?
True
Does 19 divide 62871627?
True
Is 94 a factor of 636386298?
True
Is 1009904370 a multiple of 369?
False
Does 10 divide 12654350?
True
Is 1403477 a multiple of 22?
False
Is 27 a factor of 50970778?
False
Is 2671 a factor of 156071872?
True
Is 409849194 a multiple of 24?
False
Is 98453572 a multiple of 21?
False
Is 49 a factor of 63540739?
False
Is 225779076 a multiple of 54?
True
Is 80 a factor of 141896400?
True
Is 1369 a factor of 1456012271?
True
Does 302 divide 17400938?
True
Does 5534 divide 8981682?
True
Does 55 divide 856727012?
False
Does 78 divide 834696584?
False
Is 1182 a factor of 213496386?
True
Is 478416991 a multiple of 10?
False
Is 3 a factor of 84042900?
True
Is 13 a factor of 116687176?
False
Is 7 a factor of 86813854?
False
Does 13 divide 59325421?
False
Is 327 a factor of 73129261?
False
Does 322 divide 31728914?
True
Is 3186 a factor of 282346506?
True
Does 33 divide 1409203420?
False
Is 50644670 a multiple of 8?
False
Does 25 divide 217447050?
True
Does 39 divide 49370100?
True
Is 185 a factor of 17740020?
True
Is 1706 a factor of 391194259?
False
Is 1279882144 a multiple of 34?
False
Does 7 divide 628697?
False
Does 312 divide 6630603096?
True
Is 27965077 a multiple of 2779?
True
Is 428000578 a multiple of 169?
False
Is 3953700 a multiple of 10?
True
Is 269344260 a multiple of 2047?
True
Does 133 divide 282356739?
True
Does 128 divide 184889241?
False
Is 6 a factor of 24780195?
False
Is 923 a factor of 51012035?
False
Is 70 a factor of 17303678?
False
Is 21 a factor of 44773974?
True
Is 10 a factor of 12623669?
False
Is 1056 a factor of 144266496?
True
Is 17669360 a multiple of 205?
True
Is 682 a factor of 373669675?
False
Is 143990220 a multiple of 3475?
False
Is 44 a factor of 44862043?
False
Does 81 divide 238933526?
False
Is 972347139 a multiple of 9?
True
Does 7757 divide 598276259?
False
Does 3 divide 243171183?
True
Is 2116 a factor of 3228063800?
True
Is 929819525 a multiple of 41?
True
Is 65660809 a multiple of 4?
False
Is 104791881 a multiple of 10?
False
Does 50 divide 33665091?
False
Is 658564077 a multiple of 11?
False
Is 13753003 a multiple of 11?
True
Is 159 a factor of 43385981?
False
Is 11 a factor of 12704494?
True
Is 14 a factor of 78873872?
True
Is 42 a factor of 34607832?
True
Is 245549696 a multiple of 79?
True
Is 17 a factor of 16974779?
False
Does 52 divide 577652804?
False
Is 329 a factor of 152798758?
False
Is 178 a factor of 36611040?
True
Is 750278415 a multiple of 733?
False
Is 3292 a factor of 1451702868?
True
Is 14933821 a multiple of 11?
False
Is 332 a factor of 79725150?
False
Is 17897600 a multiple of 799?
True
Does 138 divide 28654182?
True
Is 7 a factor of 4434748?
False
Is 18 a factor of 117844955?
False
Is 442243776 a multiple of 8?
True
Is 11213196 a multiple of 26?
False
Is 137 a factor of 92173493?
False
Does 3 divide 246122574?
True
Is 53441984 a multiple of 76?
True
Is 1492516960 a multiple of 47?
True
Is 64272244 a multiple of 16?
False
Is 2624267597 a multiple of 17?
False
Is 69955775 a multiple of 601?
False
Is 6 a factor of 34030716?
True
Does 1322 divide 266607740?
True
Is 87 a factor of 16548183?
True
Is 36 a factor of 753177132?
True
Is 197496119 a multiple of 10?
False
Does 103 divide 802961323?
True
Is 9 a factor of 817237179?
True
Is 13050556 a multiple of 9?
False
Is 3328260889 a multiple of 3219?
False
Does 936 divide 29630016?
True
Does 732 divide 589356205?